e second derivative of -1/12*z**4 - 65*z - 1 + 7/6*z**3 + 9/2*z**2. Give m(8).
1
Let m = 334 + -470. Let w = m - -135. Let i(c) = c - 2. What is i(w)?
-3
Suppose -45 = -3*w + 15. Suppose 0*d - w = -5*d. Suppose -f - 15 = -4*u, -d*f + 0*f + u = 0. Let n(k) = 15*k - 1. Give n(f).
14
Let x(u) be the second derivative of u**3/2 + 41*u**2 - 112*u - 14. Calculate x(-27).
1
Suppose z = 2*z - 4*c - 23, -5*z = -3*c - 115. Suppose 0 = 4*t - 4*y - 28, 3*y - 5 = 2*t - z. Let g(u) = -5*u**2 - 5*u + 2. Give g(t).
-58
Let d(w) = 21*w**2 - 13*w - 5*w**2 - 7*w**2 - w**2 + 45*w**3 - 46*w**3 + 98. What is d(8)?
-6
Suppose 108*o + 9 = 2709. Let k(j) = -j**2 + 20*j + 118. Calculate k(o).
-7
Suppose -2*r + 0*r = 0. Let y(z) = r - 11*z + z + 2. Let g = -1732 + 1730. Calculate y(g).
22
Let b(d) = -2*d + 2*d - 7 + d. Let h = 10 - 11. Let j be (5/15 + h/(-6))*18. Give b(j).
2
Let h(b) = 6*b + 19. Suppose 23*v - 16*v = -4*j - 24, -2*v + 5*j - 13 = 0. Calculate h(v).
-5
Let l = 19146 + -19149. Let c(z) = -z**2 + z + 9. Give c(l).
-3
Let b(m) be the second derivative of -7*m**3/6 + 12*m**2 + 5465*m. Determine b(-4).
52
Let x(r) be the third derivative of -1/2*r**3 + 2*r**2 + 12*r - 1/8*r**4 + 1/30*r**5 + 0. What is x(-2)?
11
Let p(c) = 2*c + c**3 - 6*c + 3*c. Let k(h) = h**3 + 14*h**2 + 10*h - 11. Let l be k(-14). Let u = l + 153. Calculate p(u).
6
Let a(t) = -6*t - 57. Let y be (-3102)/242 - ((-12)/(-22))/3. What is a(y)?
21
Let p = -2 - -6. Let t(s) = 0*s - p*s**2 + 3*s - s**3 + 3*s**3. Suppose 5*z + 2*n = 16, -6 + 5 = -2*z + n. Determine t(z).
6
Let y(r) = -2*r**2 - 18*r + 64. Let n be 55/(1980/(-432)) - 0/1. Determine y(n).
-8
Suppose 82*u = 132*u - 600. Let n(v) = 2*v**2 - 26*v + 10. What is n(u)?
-14
Let o(z) = -584*z**3 - 4*z**2 + 1722*z**3 - 578*z**3 - 559*z**3 - 7*z + 14. What is o(5)?
4
Suppose -n = -5*r - 17, 0 = r - 55*n + 57*n - 12. Let c(k) = -13*k**3 - 2*k**2 + k - 2. Determine c(r).
92
Let p = -8 + 15. Suppose 2*v - 25 = p*v. Let n(g) be the first derivative of -g**4/4 - 5*g**3/3 - g**2/2 + 4*g - 34. Calculate n(v).
9
Let q(s) = 120870*s**3 - 60436*s**3 - 60433*s**3 - 4. Give q(0).
-4
Let l(s) = 3*s + 12. Let g(q) = -2*q - 10. Let w(m) = -4*g(m) - 3*l(m). Calculate w(7).
-3
Let y(v) be the first derivative of -15*v**2/2 + 17*v + 2152. Give y(2).
-13
Let b(x) = -x**2 - 5*x + 9. Let s(w) = w**3 + 3*w**2 - 1. Suppose 2*t - 14 = 3*o, 4*o = 7*o + 3*t - 6. Let h be s(o). Suppose d = -h*d - 28. Calculate b(d).
-5
Let u be (4/6)/((-2)/(-6)) + 139. Let c(t) = u + 18*t + 0*t**2 - 136 - 10*t + t**2. Give c(-7).
-2
Let j(r) = -5*r + 7. Let c(b) = 6*b - 7. Let w(t) = 18*t - 18. Let u be w(-6). Let i = u - -130. Let v(h) = i*j(h) + 3*c(h). Calculate v(7).
-7
Let y(k) = 3*k**2 + 12*k + 13. Suppose -3*t - 9 = i, 2*i = -2*t + 19 - 29. What is y(t)?
1
Let i(w) be the first derivative of w**6/120 - w**5/12 + w**4/12 + 5*w**3/6 + 8*w**2 - 253. Let j(l) be the second derivative of i(l). Give j(5).
15
Suppose 1 = 8*l - 7*l. Let g be 24/(-120) + l/5. Let b(j) be the first derivative of -j**4/4 - j**3/3 - 12*j - 1. What is b(g)?
-12
Let r = -40 + 59. Suppose 8 = 3*b + f - 8, 0 = -3*b - 4*f + r. Let h(t) be the first derivative of t**3/3 - 3*t**2 + 5*t + 15. Determine h(b).
0
Let m(d) be the second derivative of d**5/20 + 11*d**4/12 + 11*d**3/6 + 8*d**2 - 53*d - 15. Calculate m(-11).
-105
Let r(f) = -f**2 - 13*f + 328. Let b(c) = -423*c - 410. Let y be b(-1). Determine r(y).
-10
Suppose -3*a + 4*i = -33 - 3, 12 = a + 3*i. Let z(w) be the third derivative of -w**4/12 + 2*w**3 + 22*w**2. Calculate z(a).
-12
Let h(s) = -s**2 - 6*s - 5. Suppose 0 = -12*g + 100 + 2276. Let r = g - 203. Calculate h(r).
0
Let g(a) = -a**3 + 6*a**2 + 4*a + 5. Let z = -7693 + 7697. Calculate g(z).
53
Suppose 503 + 492 = 5*l. Let h = l + -198. Let w(k) = k**2 + 2*k - 1. Calculate w(h).
2
Let v(j) = 3*j + 3. Let y(z) = 2*z**3 - 7*z**2 + 11*z - 4. Let i(k) = k**3 - k**2 + k. Let u(c) = 4*i(c) - y(c). Let o be u(-3). Calculate v(o).
-3
Let z(i) = i**3 - 52*i**2 + 98*i + 95. Suppose -230*a - 5400 = -338*a. Determine z(a).
-5
Let d(g) = -3*g + 4. Let o be -2 + 33/(-9) - (-2)/3. Let r be ((-56)/12 - o) + 47/3. Let x be r/40 - (-18)/5. What is d(x)?
-8
Let q(y) be the first derivative of 3*y**2/2 + 7*y - 2. Let d(c) = -c**2 + 44. Let i be d(-7). Calculate q(i).
-8
Let r(t) = 5*t + 36. Suppose -11*j = 11*j + 17 + 137. Determine r(j).
1
Let g(i) be the second derivative of -i**4/24 + 13*i**3/6 - 3*i**2/2 + 5*i - 6. Let o(c) be the first derivative of g(c). Calculate o(8).
5
Suppose -y = -2*r - 12, 21*r = -5*y + 25*r + 36. Let t(u) = -26*u - 5. Calculate t(y).
-109
Let n(p) be the first derivative of -p**3/3 - 5*p**2 - 5*p + 397. Determine n(-10).
-5
Let u(y) = -3*y**2 - y**3 - 21*y + 24*y + 2*y**3 - 2. Suppose -149 = -135*c + 121. Determine u(c).
0
Let i(s) = -3*s**2 + 4*s**2 + 2*s**3 + 2 - s**3. Let p be ((-5064)/3165)/(4/5). What is i(p)?
-2
Let z = 611 + -606. Suppose -13*d - z*s = -17*d + 13, -s = -3. Let t(n) = 5*n - 2. Give t(d).
33
Suppose v + 5*i - 1 = 3*v, 0 = -2*v - 2*i + 20. Let r(o) be the second derivative of -1/2*o**4 + 1/20*o**5 - 4/3*o**3 + 23*o - 3 - 5/2*o**2. What is r(v)?
-12
Let p be (-8)/6*(-21 + 0 + 9). Let o(n) = 2*n**3 - 33*n**2 + 18*n - 31. What is o(p)?
1
Let i(b) = -b**3 + 4*b**2 + 6*b - 1. Let k(r) = -17*r + 90. Let c be ((-110)/66)/(2/(-6)). Let q be k(c). Calculate i(q).
4
Let i(s) be the second derivative of -1/4*s**4 - 1/6*s**3 - 37 + 3*s + 0*s**2 + 1/20*s**5. Give i(3).
-3
Let y(g) be the first derivative of g**4/4 - 5*g**3/3 - 5*g**2/2 + g - 196. Suppose -2*q + 0 = 2*i - 2, -4*q + 10 = 5*i. Calculate y(i).
7
Let s(j) be the second derivative of 1/2*j**2 + 97*j - 11/20*j**5 - 1/12*j**4 + 0*j**3 + 0. Calculate s(-1).
11
Let o(z) be the third derivative of -1/12*z**4 + 2 + 1/30*z**5 + 0*z - 13*z**2 + 1/2*z**3. Give o(3).
15
Let b be ((-27)/2)/(-9)*(-172)/3. Let q = 81 + b. Let m(u) = 5*u + 21. Calculate m(q).
-4
Let t(p) = -3*p**2 + 35*p + 61. Let r be (-19860)/(-662) + 0 + -17. Give t(r).
9
Let f = 180 + -177. Let p(n) = -11*n**3 + 48*n**3 - 20*n**f - 5*n + 6 - 3*n**2 - 16*n**3. Suppose -4 = -o + 2*d, 0 = -o + 3*d - 2 + 6. Give p(o).
2
Suppose 3*t = 3*j - 33, 0 = 145*t - 149*t - 4*j + 60. Let n(m) = -6*m - 4*m - 5*m. What is n(t)?
-30
Let x(h) = 8*h**2 + 6*h - 18. Let n(w) = -5*w**2 - 5*w + 16. Let i(a) = -3*n(a) - 2*x(a). What is i(4)?
-16
Suppose 3*b = 8*b - 20. Suppose 0*d = b*d - 28. Let x(i) be the third derivative of i**6/120 - 2*i**5/15 + 3*i**4/8 + i**3 - 657*i**2. Give x(d).
20
Let d(c) = 8*c + 2. Let y(h) be the third derivative of h**5/20 + 13*h**4/24 + h**3/6 - 4*h**2 + 2. Let u be y(-4). Calculate d(u).
-22
Let d(s) = s**3 - 9*s**2 + 13*s - 41. Suppose -12 = 2*z - l - 37 + 9, -4*l = 0. What is d(z)?
-1
Let m(r) be the first derivative of 5*r**3 + 17/2*r**2 - 1/4*r**4 - 19*r + 246. What is m(16)?
-3
Let o(t) = -62*t**2 - 12*t + 28. Let x(q) = -37*q**2 - 7*q + 14. Let k(z) = 3*o(z) - 5*x(z). Calculate k(-5).
-6
Let a = -346 + 352. Let t(s) = -s**3 + 6*s**2 + 5*s - 34. Let i be t(a). Let g(y) = -y**2 - 4*y - 5. What is g(i)?
-5
Let u(f) = f - 2. Suppose 0 = 3*t - 6*t + 6. Let q be ((-28)/(-10))/(t/(-10)). Let h(v) = v + 8. Let o be h(q). Determine u(o).
-8
Let v(y) = -11*y - 25 + 79 + y**2 - 24 - 5. Determine v(9).
7
Let b(k) = -k**2 + 1. Let h(x) = 5*x**2 + 3*x - 6. Let u(t) = 4*b(t) + h(t). Let m = -8 + 80. Let l be (m/(-20))/(-6)*-5. Calculate u(l).
-2
Let r(i) = i**2 + 5 + 7*i + 6*i - i**3 - 9*i**2 - 19*i. Let w be r(-7). Let c(p) = p**2 + 2. Give c(w).
6
Let k(i) be the first derivative of -91*i**2 - 5*i - 42 + 182*i**2 - 97*i**2. What is k(-1)?
7
Let a(p) be the first derivative of -p**4/4 - 7*p**3/3 - 7*p**2/2 - 3*p + 12. Let h = -36 - -38. Suppose -3*o - 5*l + 50 = -8*o, -h = o + l. Calculate a(o).
3
Suppose 2 = -s, 5*f + s - 35 = 13. Let b be (6/12 + 95/f)/(-1). Let g(h) = -h - 13. Give g(b).
-3
Let g(d) = 6*d - 19. Let m(s) = -11*s + 38. Let j(o) = -7*g(o) - 4*m(o). Let l be j(8). Let v(r) = 13015 + r + r**2 - 13015. Calculate v(l).
6
Let l be (-2 + -8)/(3 - 33/9). Let f(p) = -3 - 3 - 3*p - 2 + 4*p. What is f(l)?
7
Let b(g) = 2*g**2 - 3*g + 1. Let a(p) = -p + 28. Let l(m) = 2*m**3 - 12*m**2 - 9*m - 4. Let c be l(7). Let u be a(c). Give b(u).
28
Let s = -12 + 2